{"id":78,"date":"2020-08-22T17:39:15","date_gmt":"2020-08-22T20:39:15","guid":{"rendered":"http:\/\/experimentoscomcacau.com.br\/?page_id=78"},"modified":"2025-05-22T14:48:04","modified_gmt":"2025-05-22T17:48:04","slug":"nossos-produtos","status":"publish","type":"page","link":"https:\/\/experimentoscomcacau.com.br\/?page_id=78","title":{"rendered":"Nossos chocolates"},"content":{"rendered":"\n<p>Nossos experimentos com chocolate incluem as vers\u00f5es:<br>&#8211; de 80% de cacau, para quem gosta do sabor intenso, marcante;<br>&#8211; de 70% de cacau, para quem prefere algo um pouco mais suave; e<br>&#8211; de 60% de cacau, para quem ainda quer algo mais adocicado.<\/p>\n\n\n\n<p>Todas as vers\u00f5es s\u00e3o feitas com o mesmo esmero, utilizando a\u00e7\u00facar demerara ou, opcionalmente, a\u00e7\u00facar de coco, para quem precisa reduzir o \u00edndice glic\u00eamico sem abrir m\u00e3o do sabor.<\/p>\n\n\n\n<p>Os chocolates s\u00e3o apresentados em peda\u00e7os em embalagem de papel <em>kraft<\/em> de 50g &#8211; uma medida certa para saborear um chocolate incrivelmente cremoso.<\/p>\n\n\n\n<p>Ainda, as vers\u00f5es podem ser combinadas com diversos ingredientes, conferindo experi\u00eancias incr\u00edveis para voc\u00ea. Escolha o teu e sinta o prazer de experimentar o verdadeiro chocolate artesanal, feito com sementes de cacau selecionadas e com o cuidado que merece.<\/p>\n\n\n\n<figure class=\"wp-block-table is-style-stripes\"><table class=\"has-fixed-layout\"><tbody><tr><td><img data-recalc-dims=\"1\" loading=\"lazy\" decoding=\"async\" width=\"200\" height=\"81\" data-attachment-id=\"238\" data-permalink=\"https:\/\/experimentoscomcacau.com.br\/?attachment_id=238\" data-orig-file=\"https:\/\/i0.wp.com\/experimentoscomcacau.com.br\/wp-content\/uploads\/2024\/10\/Expresso.png?fit=2144%2C868&amp;ssl=1\" data-orig-size=\"2144,868\" data-comments-opened=\"1\" data-image-meta=\"{&quot;aperture&quot;:&quot;0&quot;,&quot;credit&quot;:&quot;&quot;,&quot;camera&quot;:&quot;&quot;,&quot;caption&quot;:&quot;&quot;,&quot;created_timestamp&quot;:&quot;0&quot;,&quot;copyright&quot;:&quot;&quot;,&quot;focal_length&quot;:&quot;0&quot;,&quot;iso&quot;:&quot;0&quot;,&quot;shutter_speed&quot;:&quot;0&quot;,&quot;title&quot;:&quot;&quot;,&quot;orientation&quot;:&quot;0&quot;}\" data-image-title=\"Expresso\" data-image-description=\"\" data-image-caption=\"\" data-large-file=\"https:\/\/i0.wp.com\/experimentoscomcacau.com.br\/wp-content\/uploads\/2024\/10\/Expresso.png?fit=960%2C389&amp;ssl=1\" class=\"wp-image-238\" style=\"width: 200px;\" src=\"https:\/\/i0.wp.com\/experimentoscomcacau.com.br\/wp-content\/uploads\/2024\/10\/Expresso.png?resize=200%2C81\" alt=\"\" srcset=\"https:\/\/i0.wp.com\/experimentoscomcacau.com.br\/wp-content\/uploads\/2024\/10\/Expresso.png?w=2144&amp;ssl=1 2144w, https:\/\/i0.wp.com\/experimentoscomcacau.com.br\/wp-content\/uploads\/2024\/10\/Expresso.png?resize=300%2C121&amp;ssl=1 300w, https:\/\/i0.wp.com\/experimentoscomcacau.com.br\/wp-content\/uploads\/2024\/10\/Expresso.png?resize=1024%2C415&amp;ssl=1 1024w, https:\/\/i0.wp.com\/experimentoscomcacau.com.br\/wp-content\/uploads\/2024\/10\/Expresso.png?resize=768%2C311&amp;ssl=1 768w, https:\/\/i0.wp.com\/experimentoscomcacau.com.br\/wp-content\/uploads\/2024\/10\/Expresso.png?resize=1536%2C622&amp;ssl=1 1536w, https:\/\/i0.wp.com\/experimentoscomcacau.com.br\/wp-content\/uploads\/2024\/10\/Expresso.png?resize=2048%2C829&amp;ssl=1 2048w, https:\/\/i0.wp.com\/experimentoscomcacau.com.br\/wp-content\/uploads\/2024\/10\/Expresso.png?resize=1140%2C462&amp;ssl=1 1140w, https:\/\/i0.wp.com\/experimentoscomcacau.com.br\/wp-content\/uploads\/2024\/10\/Expresso.png?resize=600%2C243&amp;ssl=1 600w, https:\/\/i0.wp.com\/experimentoscomcacau.com.br\/wp-content\/uploads\/2024\/10\/Expresso.png?resize=148%2C60&amp;ssl=1 148w, https:\/\/i0.wp.com\/experimentoscomcacau.com.br\/wp-content\/uploads\/2024\/10\/Expresso.png?resize=222%2C90&amp;ssl=1 222w, https:\/\/i0.wp.com\/experimentoscomcacau.com.br\/wp-content\/uploads\/2024\/10\/Expresso.png?w=1920 1920w\" sizes=\"auto, (max-width: 200px) 100vw, 200px\" \/><\/td><td>A mesma base do chocolate , mas com um leve toque de caf\u00e9, para n\u00e3o deixar d\u00favidas no sabor.<\/td><\/tr><tr><td><img data-recalc-dims=\"1\" loading=\"lazy\" decoding=\"async\" width=\"200\" height=\"82\" data-attachment-id=\"242\" data-permalink=\"https:\/\/experimentoscomcacau.com.br\/?attachment_id=242\" data-orig-file=\"https:\/\/i0.wp.com\/experimentoscomcacau.com.br\/wp-content\/uploads\/2024\/10\/Pacoca.png?fit=2118%2C868&amp;ssl=1\" data-orig-size=\"2118,868\" data-comments-opened=\"1\" data-image-meta=\"{&quot;aperture&quot;:&quot;0&quot;,&quot;credit&quot;:&quot;&quot;,&quot;camera&quot;:&quot;&quot;,&quot;caption&quot;:&quot;&quot;,&quot;created_timestamp&quot;:&quot;0&quot;,&quot;copyright&quot;:&quot;&quot;,&quot;focal_length&quot;:&quot;0&quot;,&quot;iso&quot;:&quot;0&quot;,&quot;shutter_speed&quot;:&quot;0&quot;,&quot;title&quot;:&quot;&quot;,&quot;orientation&quot;:&quot;0&quot;}\" data-image-title=\"Pa\u00e7oca\" data-image-description=\"\" data-image-caption=\"&lt;p&gt;Pa\u00e7oca \u00e9 uma mistura de amendoim e sal no meio da intensidade do nosso chocolate, fazendo um turbilh\u00e3o de sensa\u00e7\u00f5es na sua boca.&lt;\/p&gt;\n\" data-large-file=\"https:\/\/i0.wp.com\/experimentoscomcacau.com.br\/wp-content\/uploads\/2024\/10\/Pacoca.png?fit=960%2C394&amp;ssl=1\" class=\"wp-image-242\" style=\"width: 200px;\" src=\"https:\/\/i0.wp.com\/experimentoscomcacau.com.br\/wp-content\/uploads\/2024\/10\/Pacoca.png?resize=200%2C82\" alt=\"\" srcset=\"https:\/\/i0.wp.com\/experimentoscomcacau.com.br\/wp-content\/uploads\/2024\/10\/Pacoca.png?w=2118&amp;ssl=1 2118w, https:\/\/i0.wp.com\/experimentoscomcacau.com.br\/wp-content\/uploads\/2024\/10\/Pacoca.png?resize=300%2C123&amp;ssl=1 300w, https:\/\/i0.wp.com\/experimentoscomcacau.com.br\/wp-content\/uploads\/2024\/10\/Pacoca.png?resize=1024%2C420&amp;ssl=1 1024w, https:\/\/i0.wp.com\/experimentoscomcacau.com.br\/wp-content\/uploads\/2024\/10\/Pacoca.png?resize=768%2C315&amp;ssl=1 768w, https:\/\/i0.wp.com\/experimentoscomcacau.com.br\/wp-content\/uploads\/2024\/10\/Pacoca.png?resize=1536%2C629&amp;ssl=1 1536w, https:\/\/i0.wp.com\/experimentoscomcacau.com.br\/wp-content\/uploads\/2024\/10\/Pacoca.png?resize=2048%2C839&amp;ssl=1 2048w, https:\/\/i0.wp.com\/experimentoscomcacau.com.br\/wp-content\/uploads\/2024\/10\/Pacoca.png?resize=1140%2C467&amp;ssl=1 1140w, https:\/\/i0.wp.com\/experimentoscomcacau.com.br\/wp-content\/uploads\/2024\/10\/Pacoca.png?resize=600%2C246&amp;ssl=1 600w, https:\/\/i0.wp.com\/experimentoscomcacau.com.br\/wp-content\/uploads\/2024\/10\/Pacoca.png?resize=146%2C60&amp;ssl=1 146w, https:\/\/i0.wp.com\/experimentoscomcacau.com.br\/wp-content\/uploads\/2024\/10\/Pacoca.png?resize=220%2C90&amp;ssl=1 220w, https:\/\/i0.wp.com\/experimentoscomcacau.com.br\/wp-content\/uploads\/2024\/10\/Pacoca.png?w=1920 1920w\" sizes=\"auto, (max-width: 200px) 100vw, 200px\" \/><\/td><td>Uma mistura de amendoim e sal no meio da intensidade do nosso chocolate, fazendo um turbilh\u00e3o de sensa\u00e7\u00f5es na sua boca.<\/td><\/tr><tr><td><img data-recalc-dims=\"1\" loading=\"lazy\" decoding=\"async\" width=\"200\" height=\"82\" data-attachment-id=\"244\" data-permalink=\"https:\/\/experimentoscomcacau.com.br\/?attachment_id=244\" data-orig-file=\"https:\/\/i0.wp.com\/experimentoscomcacau.com.br\/wp-content\/uploads\/2024\/10\/Siciliano.png?fit=2118%2C868&amp;ssl=1\" data-orig-size=\"2118,868\" data-comments-opened=\"1\" data-image-meta=\"{&quot;aperture&quot;:&quot;0&quot;,&quot;credit&quot;:&quot;&quot;,&quot;camera&quot;:&quot;&quot;,&quot;caption&quot;:&quot;&quot;,&quot;created_timestamp&quot;:&quot;0&quot;,&quot;copyright&quot;:&quot;&quot;,&quot;focal_length&quot;:&quot;0&quot;,&quot;iso&quot;:&quot;0&quot;,&quot;shutter_speed&quot;:&quot;0&quot;,&quot;title&quot;:&quot;&quot;,&quot;orientation&quot;:&quot;0&quot;}\" data-image-title=\"Siciliano\" data-image-description=\"\" data-image-caption=\"&lt;p&gt;Nosso chocolate com raspas de lim\u00e3o, uma experi\u00eancia que voc\u00ea n\u00e3o pode perder.&lt;\/p&gt;\n\" data-large-file=\"https:\/\/i0.wp.com\/experimentoscomcacau.com.br\/wp-content\/uploads\/2024\/10\/Siciliano.png?fit=960%2C394&amp;ssl=1\" class=\"wp-image-244\" style=\"width: 200px;\" src=\"https:\/\/i0.wp.com\/experimentoscomcacau.com.br\/wp-content\/uploads\/2024\/10\/Siciliano.png?resize=200%2C82\" alt=\"\" srcset=\"https:\/\/i0.wp.com\/experimentoscomcacau.com.br\/wp-content\/uploads\/2024\/10\/Siciliano.png?w=2118&amp;ssl=1 2118w, https:\/\/i0.wp.com\/experimentoscomcacau.com.br\/wp-content\/uploads\/2024\/10\/Siciliano.png?resize=300%2C123&amp;ssl=1 300w, https:\/\/i0.wp.com\/experimentoscomcacau.com.br\/wp-content\/uploads\/2024\/10\/Siciliano.png?resize=1024%2C420&amp;ssl=1 1024w, https:\/\/i0.wp.com\/experimentoscomcacau.com.br\/wp-content\/uploads\/2024\/10\/Siciliano.png?resize=768%2C315&amp;ssl=1 768w, https:\/\/i0.wp.com\/experimentoscomcacau.com.br\/wp-content\/uploads\/2024\/10\/Siciliano.png?resize=1536%2C629&amp;ssl=1 1536w, https:\/\/i0.wp.com\/experimentoscomcacau.com.br\/wp-content\/uploads\/2024\/10\/Siciliano.png?resize=2048%2C839&amp;ssl=1 2048w, https:\/\/i0.wp.com\/experimentoscomcacau.com.br\/wp-content\/uploads\/2024\/10\/Siciliano.png?resize=1140%2C467&amp;ssl=1 1140w, https:\/\/i0.wp.com\/experimentoscomcacau.com.br\/wp-content\/uploads\/2024\/10\/Siciliano.png?resize=600%2C246&amp;ssl=1 600w, https:\/\/i0.wp.com\/experimentoscomcacau.com.br\/wp-content\/uploads\/2024\/10\/Siciliano.png?resize=146%2C60&amp;ssl=1 146w, https:\/\/i0.wp.com\/experimentoscomcacau.com.br\/wp-content\/uploads\/2024\/10\/Siciliano.png?resize=220%2C90&amp;ssl=1 220w, https:\/\/i0.wp.com\/experimentoscomcacau.com.br\/wp-content\/uploads\/2024\/10\/Siciliano.png?w=1920 1920w\" sizes=\"auto, (max-width: 200px) 100vw, 200px\" \/><\/td><td>Nosso chocolate com raspas de lim\u00e3o, uma experi\u00eancia que voc\u00ea n\u00e3o pode perder.<\/td><\/tr><tr><td><img data-recalc-dims=\"1\" loading=\"lazy\" decoding=\"async\" width=\"200\" height=\"82\" data-attachment-id=\"239\" data-permalink=\"https:\/\/experimentoscomcacau.com.br\/?attachment_id=239\" data-orig-file=\"https:\/\/i0.wp.com\/experimentoscomcacau.com.br\/wp-content\/uploads\/2024\/10\/Laranja.png?fit=2118%2C868&amp;ssl=1\" data-orig-size=\"2118,868\" data-comments-opened=\"1\" data-image-meta=\"{&quot;aperture&quot;:&quot;0&quot;,&quot;credit&quot;:&quot;&quot;,&quot;camera&quot;:&quot;&quot;,&quot;caption&quot;:&quot;&quot;,&quot;created_timestamp&quot;:&quot;0&quot;,&quot;copyright&quot;:&quot;&quot;,&quot;focal_length&quot;:&quot;0&quot;,&quot;iso&quot;:&quot;0&quot;,&quot;shutter_speed&quot;:&quot;0&quot;,&quot;title&quot;:&quot;&quot;,&quot;orientation&quot;:&quot;0&quot;}\" data-image-title=\"Laranja\" data-image-description=\"\" data-image-caption=\"\" data-large-file=\"https:\/\/i0.wp.com\/experimentoscomcacau.com.br\/wp-content\/uploads\/2024\/10\/Laranja.png?fit=960%2C394&amp;ssl=1\" class=\"wp-image-239\" style=\"width: 200px;\" src=\"https:\/\/i0.wp.com\/experimentoscomcacau.com.br\/wp-content\/uploads\/2024\/10\/Laranja.png?resize=200%2C82\" alt=\"\" srcset=\"https:\/\/i0.wp.com\/experimentoscomcacau.com.br\/wp-content\/uploads\/2024\/10\/Laranja.png?w=2118&amp;ssl=1 2118w, https:\/\/i0.wp.com\/experimentoscomcacau.com.br\/wp-content\/uploads\/2024\/10\/Laranja.png?resize=300%2C123&amp;ssl=1 300w, https:\/\/i0.wp.com\/experimentoscomcacau.com.br\/wp-content\/uploads\/2024\/10\/Laranja.png?resize=1024%2C420&amp;ssl=1 1024w, https:\/\/i0.wp.com\/experimentoscomcacau.com.br\/wp-content\/uploads\/2024\/10\/Laranja.png?resize=768%2C315&amp;ssl=1 768w, https:\/\/i0.wp.com\/experimentoscomcacau.com.br\/wp-content\/uploads\/2024\/10\/Laranja.png?resize=1536%2C629&amp;ssl=1 1536w, https:\/\/i0.wp.com\/experimentoscomcacau.com.br\/wp-content\/uploads\/2024\/10\/Laranja.png?resize=2048%2C839&amp;ssl=1 2048w, https:\/\/i0.wp.com\/experimentoscomcacau.com.br\/wp-content\/uploads\/2024\/10\/Laranja.png?resize=1140%2C467&amp;ssl=1 1140w, https:\/\/i0.wp.com\/experimentoscomcacau.com.br\/wp-content\/uploads\/2024\/10\/Laranja.png?resize=600%2C246&amp;ssl=1 600w, https:\/\/i0.wp.com\/experimentoscomcacau.com.br\/wp-content\/uploads\/2024\/10\/Laranja.png?resize=146%2C60&amp;ssl=1 146w, https:\/\/i0.wp.com\/experimentoscomcacau.com.br\/wp-content\/uploads\/2024\/10\/Laranja.png?resize=220%2C90&amp;ssl=1 220w, https:\/\/i0.wp.com\/experimentoscomcacau.com.br\/wp-content\/uploads\/2024\/10\/Laranja.png?w=1920 1920w\" sizes=\"auto, (max-width: 200px) 100vw, 200px\" \/><\/td><td>A combina\u00e7\u00e3o cl\u00e1ssica de chocolate com laranja que d\u00e1 \u00e1gua na boca.<\/td><\/tr><tr><td><img data-recalc-dims=\"1\" loading=\"lazy\" decoding=\"async\" width=\"200\" height=\"82\" data-attachment-id=\"243\" data-permalink=\"https:\/\/experimentoscomcacau.com.br\/?attachment_id=243\" data-orig-file=\"https:\/\/i0.wp.com\/experimentoscomcacau.com.br\/wp-content\/uploads\/2024\/10\/Pistache.png?fit=2118%2C868&amp;ssl=1\" data-orig-size=\"2118,868\" data-comments-opened=\"1\" data-image-meta=\"{&quot;aperture&quot;:&quot;0&quot;,&quot;credit&quot;:&quot;&quot;,&quot;camera&quot;:&quot;&quot;,&quot;caption&quot;:&quot;&quot;,&quot;created_timestamp&quot;:&quot;0&quot;,&quot;copyright&quot;:&quot;&quot;,&quot;focal_length&quot;:&quot;0&quot;,&quot;iso&quot;:&quot;0&quot;,&quot;shutter_speed&quot;:&quot;0&quot;,&quot;title&quot;:&quot;&quot;,&quot;orientation&quot;:&quot;0&quot;}\" data-image-title=\"Pistache\" data-image-description=\"\" data-image-caption=\"&lt;p&gt;A sutileza do pistache com a intensidade do chocolate. Imperd\u00edvel.&lt;\/p&gt;\n\" data-large-file=\"https:\/\/i0.wp.com\/experimentoscomcacau.com.br\/wp-content\/uploads\/2024\/10\/Pistache.png?fit=960%2C394&amp;ssl=1\" class=\"wp-image-243\" style=\"width: 200px;\" src=\"https:\/\/i0.wp.com\/experimentoscomcacau.com.br\/wp-content\/uploads\/2024\/10\/Pistache.png?resize=200%2C82\" alt=\"\" srcset=\"https:\/\/i0.wp.com\/experimentoscomcacau.com.br\/wp-content\/uploads\/2024\/10\/Pistache.png?w=2118&amp;ssl=1 2118w, https:\/\/i0.wp.com\/experimentoscomcacau.com.br\/wp-content\/uploads\/2024\/10\/Pistache.png?resize=300%2C123&amp;ssl=1 300w, https:\/\/i0.wp.com\/experimentoscomcacau.com.br\/wp-content\/uploads\/2024\/10\/Pistache.png?resize=1024%2C420&amp;ssl=1 1024w, https:\/\/i0.wp.com\/experimentoscomcacau.com.br\/wp-content\/uploads\/2024\/10\/Pistache.png?resize=768%2C315&amp;ssl=1 768w, https:\/\/i0.wp.com\/experimentoscomcacau.com.br\/wp-content\/uploads\/2024\/10\/Pistache.png?resize=1536%2C629&amp;ssl=1 1536w, https:\/\/i0.wp.com\/experimentoscomcacau.com.br\/wp-content\/uploads\/2024\/10\/Pistache.png?resize=2048%2C839&amp;ssl=1 2048w, https:\/\/i0.wp.com\/experimentoscomcacau.com.br\/wp-content\/uploads\/2024\/10\/Pistache.png?resize=1140%2C467&amp;ssl=1 1140w, https:\/\/i0.wp.com\/experimentoscomcacau.com.br\/wp-content\/uploads\/2024\/10\/Pistache.png?resize=600%2C246&amp;ssl=1 600w, https:\/\/i0.wp.com\/experimentoscomcacau.com.br\/wp-content\/uploads\/2024\/10\/Pistache.png?resize=146%2C60&amp;ssl=1 146w, https:\/\/i0.wp.com\/experimentoscomcacau.com.br\/wp-content\/uploads\/2024\/10\/Pistache.png?resize=220%2C90&amp;ssl=1 220w, https:\/\/i0.wp.com\/experimentoscomcacau.com.br\/wp-content\/uploads\/2024\/10\/Pistache.png?w=1920 1920w\" sizes=\"auto, (max-width: 200px) 100vw, 200px\" \/><\/td><td>A sutileza do pistache com a intensidade do chocolate. Imperd\u00edvel.<\/td><\/tr><tr><td><img data-recalc-dims=\"1\" loading=\"lazy\" decoding=\"async\" width=\"200\" height=\"76\" data-attachment-id=\"240\" data-permalink=\"https:\/\/experimentoscomcacau.com.br\/?attachment_id=240\" data-orig-file=\"https:\/\/i0.wp.com\/experimentoscomcacau.com.br\/wp-content\/uploads\/2024\/10\/Marzipan.png?fit=2276%2C868&amp;ssl=1\" data-orig-size=\"2276,868\" data-comments-opened=\"1\" data-image-meta=\"{&quot;aperture&quot;:&quot;0&quot;,&quot;credit&quot;:&quot;&quot;,&quot;camera&quot;:&quot;&quot;,&quot;caption&quot;:&quot;&quot;,&quot;created_timestamp&quot;:&quot;0&quot;,&quot;copyright&quot;:&quot;&quot;,&quot;focal_length&quot;:&quot;0&quot;,&quot;iso&quot;:&quot;0&quot;,&quot;shutter_speed&quot;:&quot;0&quot;,&quot;title&quot;:&quot;&quot;,&quot;orientation&quot;:&quot;0&quot;}\" data-image-title=\"Marzipan\" data-image-description=\"\" data-image-caption=\"&lt;p&gt;A combina\u00e7\u00e3o perfeita de am\u00eandoas e chocolate.&lt;\/p&gt;\n\" data-large-file=\"https:\/\/i0.wp.com\/experimentoscomcacau.com.br\/wp-content\/uploads\/2024\/10\/Marzipan.png?fit=960%2C367&amp;ssl=1\" class=\"wp-image-240\" style=\"width: 200px;\" src=\"https:\/\/i0.wp.com\/experimentoscomcacau.com.br\/wp-content\/uploads\/2024\/10\/Marzipan.png?resize=200%2C76\" alt=\"\" srcset=\"https:\/\/i0.wp.com\/experimentoscomcacau.com.br\/wp-content\/uploads\/2024\/10\/Marzipan.png?w=2276&amp;ssl=1 2276w, https:\/\/i0.wp.com\/experimentoscomcacau.com.br\/wp-content\/uploads\/2024\/10\/Marzipan.png?resize=300%2C114&amp;ssl=1 300w, https:\/\/i0.wp.com\/experimentoscomcacau.com.br\/wp-content\/uploads\/2024\/10\/Marzipan.png?resize=1024%2C391&amp;ssl=1 1024w, https:\/\/i0.wp.com\/experimentoscomcacau.com.br\/wp-content\/uploads\/2024\/10\/Marzipan.png?resize=768%2C293&amp;ssl=1 768w, https:\/\/i0.wp.com\/experimentoscomcacau.com.br\/wp-content\/uploads\/2024\/10\/Marzipan.png?resize=1536%2C586&amp;ssl=1 1536w, https:\/\/i0.wp.com\/experimentoscomcacau.com.br\/wp-content\/uploads\/2024\/10\/Marzipan.png?resize=2048%2C781&amp;ssl=1 2048w, https:\/\/i0.wp.com\/experimentoscomcacau.com.br\/wp-content\/uploads\/2024\/10\/Marzipan.png?resize=1140%2C435&amp;ssl=1 1140w, https:\/\/i0.wp.com\/experimentoscomcacau.com.br\/wp-content\/uploads\/2024\/10\/Marzipan.png?resize=600%2C229&amp;ssl=1 600w, https:\/\/i0.wp.com\/experimentoscomcacau.com.br\/wp-content\/uploads\/2024\/10\/Marzipan.png?resize=157%2C60&amp;ssl=1 157w, https:\/\/i0.wp.com\/experimentoscomcacau.com.br\/wp-content\/uploads\/2024\/10\/Marzipan.png?resize=236%2C90&amp;ssl=1 236w, https:\/\/i0.wp.com\/experimentoscomcacau.com.br\/wp-content\/uploads\/2024\/10\/Marzipan.png?w=1920 1920w\" sizes=\"auto, (max-width: 200px) 100vw, 200px\" \/><\/td><td>A combina\u00e7\u00e3o perfeita de am\u00eandoas e chocolate.<\/td><\/tr><tr><td><img data-recalc-dims=\"1\" loading=\"lazy\" decoding=\"async\" width=\"200\" height=\"82\" data-attachment-id=\"237\" data-permalink=\"https:\/\/experimentoscomcacau.com.br\/?attachment_id=237\" data-orig-file=\"https:\/\/i0.wp.com\/experimentoscomcacau.com.br\/wp-content\/uploads\/2024\/10\/Coco.png?fit=2125%2C868&amp;ssl=1\" data-orig-size=\"2125,868\" data-comments-opened=\"1\" data-image-meta=\"{&quot;aperture&quot;:&quot;0&quot;,&quot;credit&quot;:&quot;&quot;,&quot;camera&quot;:&quot;&quot;,&quot;caption&quot;:&quot;&quot;,&quot;created_timestamp&quot;:&quot;0&quot;,&quot;copyright&quot;:&quot;&quot;,&quot;focal_length&quot;:&quot;0&quot;,&quot;iso&quot;:&quot;0&quot;,&quot;shutter_speed&quot;:&quot;0&quot;,&quot;title&quot;:&quot;&quot;,&quot;orientation&quot;:&quot;0&quot;}\" data-image-title=\"Coco\" data-image-description=\"\" data-image-caption=\"&lt;p&gt;Coco e chocolate. N\u00e3o tem como dar errado!&lt;\/p&gt;\n\" data-large-file=\"https:\/\/i0.wp.com\/experimentoscomcacau.com.br\/wp-content\/uploads\/2024\/10\/Coco.png?fit=960%2C392&amp;ssl=1\" class=\"wp-image-237\" style=\"width: 200px;\" src=\"https:\/\/i0.wp.com\/experimentoscomcacau.com.br\/wp-content\/uploads\/2024\/10\/Coco.png?resize=200%2C82\" alt=\"\" srcset=\"https:\/\/i0.wp.com\/experimentoscomcacau.com.br\/wp-content\/uploads\/2024\/10\/Coco.png?w=2125&amp;ssl=1 2125w, https:\/\/i0.wp.com\/experimentoscomcacau.com.br\/wp-content\/uploads\/2024\/10\/Coco.png?resize=300%2C123&amp;ssl=1 300w, https:\/\/i0.wp.com\/experimentoscomcacau.com.br\/wp-content\/uploads\/2024\/10\/Coco.png?resize=1024%2C418&amp;ssl=1 1024w, https:\/\/i0.wp.com\/experimentoscomcacau.com.br\/wp-content\/uploads\/2024\/10\/Coco.png?resize=768%2C314&amp;ssl=1 768w, https:\/\/i0.wp.com\/experimentoscomcacau.com.br\/wp-content\/uploads\/2024\/10\/Coco.png?resize=1536%2C627&amp;ssl=1 1536w, https:\/\/i0.wp.com\/experimentoscomcacau.com.br\/wp-content\/uploads\/2024\/10\/Coco.png?resize=2048%2C837&amp;ssl=1 2048w, https:\/\/i0.wp.com\/experimentoscomcacau.com.br\/wp-content\/uploads\/2024\/10\/Coco.png?resize=1140%2C466&amp;ssl=1 1140w, https:\/\/i0.wp.com\/experimentoscomcacau.com.br\/wp-content\/uploads\/2024\/10\/Coco.png?resize=600%2C245&amp;ssl=1 600w, https:\/\/i0.wp.com\/experimentoscomcacau.com.br\/wp-content\/uploads\/2024\/10\/Coco.png?resize=147%2C60&amp;ssl=1 147w, https:\/\/i0.wp.com\/experimentoscomcacau.com.br\/wp-content\/uploads\/2024\/10\/Coco.png?resize=220%2C90&amp;ssl=1 220w, https:\/\/i0.wp.com\/experimentoscomcacau.com.br\/wp-content\/uploads\/2024\/10\/Coco.png?w=1920 1920w\" sizes=\"auto, (max-width: 200px) 100vw, 200px\" \/><\/td><td>Coco e chocolate. N\u00e3o tem como dar errado!<\/td><\/tr><tr><td><img data-recalc-dims=\"1\" loading=\"lazy\" decoding=\"async\" width=\"200\" height=\"82\" data-attachment-id=\"241\" data-permalink=\"https:\/\/experimentoscomcacau.com.br\/?attachment_id=241\" data-orig-file=\"https:\/\/i0.wp.com\/experimentoscomcacau.com.br\/wp-content\/uploads\/2024\/10\/Nozes.png?fit=2118%2C868&amp;ssl=1\" data-orig-size=\"2118,868\" data-comments-opened=\"1\" data-image-meta=\"{&quot;aperture&quot;:&quot;0&quot;,&quot;credit&quot;:&quot;&quot;,&quot;camera&quot;:&quot;&quot;,&quot;caption&quot;:&quot;&quot;,&quot;created_timestamp&quot;:&quot;0&quot;,&quot;copyright&quot;:&quot;&quot;,&quot;focal_length&quot;:&quot;0&quot;,&quot;iso&quot;:&quot;0&quot;,&quot;shutter_speed&quot;:&quot;0&quot;,&quot;title&quot;:&quot;&quot;,&quot;orientation&quot;:&quot;0&quot;}\" data-image-title=\"Nozes\" data-image-description=\"\" data-image-caption=\"&lt;p&gt;Se separados j\u00e1 s\u00e3o bons, imagine chocolate e nozes juntos. Uma del\u00edcia!&lt;\/p&gt;\n\" data-large-file=\"https:\/\/i0.wp.com\/experimentoscomcacau.com.br\/wp-content\/uploads\/2024\/10\/Nozes.png?fit=960%2C394&amp;ssl=1\" class=\"wp-image-241\" style=\"width: 200px;\" src=\"https:\/\/i0.wp.com\/experimentoscomcacau.com.br\/wp-content\/uploads\/2024\/10\/Nozes.png?resize=200%2C82\" alt=\"\" srcset=\"https:\/\/i0.wp.com\/experimentoscomcacau.com.br\/wp-content\/uploads\/2024\/10\/Nozes.png?w=2118&amp;ssl=1 2118w, https:\/\/i0.wp.com\/experimentoscomcacau.com.br\/wp-content\/uploads\/2024\/10\/Nozes.png?resize=300%2C123&amp;ssl=1 300w, https:\/\/i0.wp.com\/experimentoscomcacau.com.br\/wp-content\/uploads\/2024\/10\/Nozes.png?resize=1024%2C420&amp;ssl=1 1024w, https:\/\/i0.wp.com\/experimentoscomcacau.com.br\/wp-content\/uploads\/2024\/10\/Nozes.png?resize=768%2C315&amp;ssl=1 768w, https:\/\/i0.wp.com\/experimentoscomcacau.com.br\/wp-content\/uploads\/2024\/10\/Nozes.png?resize=1536%2C629&amp;ssl=1 1536w, https:\/\/i0.wp.com\/experimentoscomcacau.com.br\/wp-content\/uploads\/2024\/10\/Nozes.png?resize=2048%2C839&amp;ssl=1 2048w, https:\/\/i0.wp.com\/experimentoscomcacau.com.br\/wp-content\/uploads\/2024\/10\/Nozes.png?resize=1140%2C467&amp;ssl=1 1140w, https:\/\/i0.wp.com\/experimentoscomcacau.com.br\/wp-content\/uploads\/2024\/10\/Nozes.png?resize=600%2C246&amp;ssl=1 600w, https:\/\/i0.wp.com\/experimentoscomcacau.com.br\/wp-content\/uploads\/2024\/10\/Nozes.png?resize=146%2C60&amp;ssl=1 146w, https:\/\/i0.wp.com\/experimentoscomcacau.com.br\/wp-content\/uploads\/2024\/10\/Nozes.png?resize=220%2C90&amp;ssl=1 220w, https:\/\/i0.wp.com\/experimentoscomcacau.com.br\/wp-content\/uploads\/2024\/10\/Nozes.png?w=1920 1920w\" sizes=\"auto, (max-width: 200px) 100vw, 200px\" \/><\/td><td>Se separados j\u00e1 s\u00e3o bons, imagine chocolate e nozes juntos. Uma del\u00edcia!<\/td><\/tr><\/tbody><\/table><figcaption>Varia\u00e7\u00f5es de sabores<\/figcaption><\/figure>\n","protected":false},"excerpt":{"rendered":"<p>Nossos experimentos com chocolate incluem as vers\u00f5es:&#8211; de 80% de cacau, para quem gosta do sabor intenso, marcante;&#8211; de 70% de cacau, para quem prefere algo um pouco mais suave; e&#8211; de 60% de cacau, para quem ainda quer algo mais adocicado. Todas as vers\u00f5es s\u00e3o feitas com o mesmo esmero, utilizando a\u00e7\u00facar demerara ou, opcionalmente, a\u00e7\u00facar de coco, para quem precisa reduzir o \u00edndice glic\u00eamico sem abrir m\u00e3o do sabor. Os chocolates s\u00e3o apresentados em peda\u00e7os em embalagem de papel kraft de 50g &#8211; uma medida certa para saborear um chocolate incrivelmente cremoso. Ainda, as vers\u00f5es podem ser combinadas com diversos ingredientes, conferindo experi\u00eancias incr\u00edveis para voc\u00ea. Escolha o teu e sinta o prazer de experimentar o verdadeiro chocolate artesanal, feito com sementes de cacau selecionadas e com o cuidado que merece. A mesma base do chocolate , mas com um leve toque de caf\u00e9, para n\u00e3o deixar d\u00favidas no sabor. Uma mistura de amendoim e sal no meio da intensidade do nosso chocolate, fazendo um turbilh\u00e3o de sensa\u00e7\u00f5es na sua boca. Nosso chocolate com raspas de lim\u00e3o, uma experi\u00eancia que voc\u00ea n\u00e3o pode perder. A combina\u00e7\u00e3o cl\u00e1ssica de chocolate com laranja que d\u00e1 \u00e1gua na boca. A sutileza do pistache com a intensidade do chocolate. Imperd\u00edvel. A combina\u00e7\u00e3o perfeita de am\u00eandoas e chocolate. Coco e chocolate. N\u00e3o tem como dar errado! Se separados j\u00e1 s\u00e3o bons, imagine chocolate e nozes juntos. Uma del\u00edcia! Varia\u00e7\u00f5es de sabores<\/p>\n","protected":false},"author":1,"featured_media":176,"parent":0,"menu_order":0,"comment_status":"closed","ping_status":"closed","template":"","meta":{"footnotes":""},"class_list":["post-78","page","type-page","status-publish","has-post-thumbnail","hentry"],"jetpack_sharing_enabled":true,"_links":{"self":[{"href":"https:\/\/experimentoscomcacau.com.br\/index.php?rest_route=\/wp\/v2\/pages\/78","targetHints":{"allow":["GET"]}}],"collection":[{"href":"https:\/\/experimentoscomcacau.com.br\/index.php?rest_route=\/wp\/v2\/pages"}],"about":[{"href":"https:\/\/experimentoscomcacau.com.br\/index.php?rest_route=\/wp\/v2\/types\/page"}],"author":[{"embeddable":true,"href":"https:\/\/experimentoscomcacau.com.br\/index.php?rest_route=\/wp\/v2\/users\/1"}],"replies":[{"embeddable":true,"href":"https:\/\/experimentoscomcacau.com.br\/index.php?rest_route=%2Fwp%2Fv2%2Fcomments&post=78"}],"version-history":[{"count":14,"href":"https:\/\/experimentoscomcacau.com.br\/index.php?rest_route=\/wp\/v2\/pages\/78\/revisions"}],"predecessor-version":[{"id":261,"href":"https:\/\/experimentoscomcacau.com.br\/index.php?rest_route=\/wp\/v2\/pages\/78\/revisions\/261"}],"wp:featuredmedia":[{"embeddable":true,"href":"https:\/\/experimentoscomcacau.com.br\/index.php?rest_route=\/wp\/v2\/media\/176"}],"wp:attachment":[{"href":"https:\/\/experimentoscomcacau.com.br\/index.php?rest_route=%2Fwp%2Fv2%2Fmedia&parent=78"}],"curies":[{"name":"wp","href":"https:\/\/api.w.org\/{rel}","templated":true}]}}